d = -f, 10 = -2*d. What are the prime factors of a?
107
Suppose 73 = -5*h + 253. Suppose -2*k - h = -5*k. Suppose 12 = 6*f - k. List the prime factors of f.
2
Let a = 822 + -792. What are the prime factors of (468/a)/((-1)/(-90))?
2, 3, 13
Let o(h) = 24*h**3 - h**2 + 51*h - 265. What are the prime factors of o(9)?
17609
Suppose 5*n + 4*u - 30 = 0, 2*u = 3*n - 7 + 11. List the prime factors of (-40)/(-30)*(n + 208/1).
2, 5, 7
Let u be -55 + (1 - 20/4) + 1. Let b = u + 836. List the prime factors of b.
2, 389
Let q(x) = 369*x + 2132. List the prime factors of q(29).
41, 313
Let w(d) = 179*d + 173. What are the prime factors of w(3)?
2, 5, 71
Let w(z) = -248*z + 3677. What are the prime factors of w(-84)?
24509
Suppose j + p + 51 = 3*j, -3*p = -9. What are the prime factors of -900*(-3)/(j/15)?
2, 3, 5
Suppose -125*w - 13209 = -142*w. What are the prime factors of w?
3, 7, 37
Let g(t) = -142*t - 9. Let b be g(-3). Suppose -c + b = 4*v, -63 + 264 = 2*v - c. What are the prime factors of v?
103
Let l = -9216 - -9335. List the prime factors of l.
7, 17
Suppose 0 = 111*z - 110*z - 2. Suppose 5*u + 2*d - 169 = 0, -z*u - 5*d + 0*d = -55. List the prime factors of u.
5, 7
Let n(i) = -i**3 - 5*i**2 + 7*i + 11. Let x be 80/(-15) + 6/(-9). Let m be n(x). Suppose -1 = m*q - 161. What are the prime factors of q?
2
Let t = 14 - 4. Let l(o) be the first derivative of 2*o**3/3 - 7*o**2/2 - 19*o + 536. List the prime factors of l(t).
3, 37
What are the prime factors of (-140)/(-25)*((-1564)/102)/(4/(-75))?
2, 5, 7, 23
Let d(l) = l**3 + 7*l**2 - 5*l - 10. Let o be d(-8). Let h = o + 44. List the prime factors of (-6)/h - (-2214)/90.
2, 3
Let q(y) = 3*y + 56. Let x be q(-17). Let z be 4/(-14) + (-605)/(-35) + x. What are the prime factors of 4/z + 590/55*8?
2, 43
Let a = 989 - 1474. Let r = a - -1037. List the prime factors of r.
2, 3, 23
Suppose -3*y + 4*f - 22 = 0, -10 = -2*y + 2*f - 26. Let u = 8 - y. List the prime factors of 9/u*(135 + -1).
67
What are the prime factors of -107 - -94 - (-74468)/2?
3, 19, 653
Let y(n) = 2*n**3 - 28*n**2 + 13*n + 155. List the prime factors of y(19).
2, 17, 59
Let p = 153018 - 79854. What are the prime factors of p?
2, 3, 7, 13, 67
Let j(i) = 55*i**3 + i**2 - 1. Let x be j(-1). Let k = 6975 + -6845. Let m = k + x. What are the prime factors of m?
3, 5
Let g = -1101 - -2177. Suppose 8*p - g = 5756. What are the prime factors of p?
2, 7, 61
Suppose -14*i + 18*i + 1244 = 0. Let z = i + 1190. What are the prime factors of z?
3, 293
What are the prime factors of (84441/(-49))/((-6)/42) + 6?
3, 149
List the prime factors of (1/(-4)*-11090 - 3)*8.
2, 29, 191
Let y(h) be the second derivative of -h**4/12 - 8*h**3/3 - 5*h**2 - 19*h. Let o be y(-15). List the prime factors of (12/o)/((-20)/(-1150)).
2, 3, 23
List the prime factors of -8 - (-16 - -2)*(-4 + (-18050)/(-20)).
13, 967
Let z(b) be the third derivative of 0*b + 5/12*b**4 + 0 - 12*b**2 + 3/2*b**3. List the prime factors of z(3).
3, 13
Let x be ((-804)/14)/((-204)/714). List the prime factors of 19765/x - 5/(-3).
2, 5
List the prime factors of (1 - 6445/(-2))*(-440)/(-330).
2, 7, 307
What are the prime factors of 4950 + (-17)/((-51)/39)?
7, 709
Let q = -95 - -102. Suppose q*c - 19*c = -168. Suppose -c*g + 4*n + 116 = -10*g, 2*g + 4*n - 64 = 0. List the prime factors of g.
2, 3, 5
Let t = -28 + 51. Suppose -8*c + 17 = -t. Suppose -u = -4*l + 506, 4*u - 2*u = -c*l + 639. List the prime factors of l.
127
Suppose 4*v - 211 = 3*d, 3*v - 93 - 58 = -5*d. Suppose v*n = 62*n - 1680. What are the prime factors of n?
2, 3, 7
Suppose -47 = -3*g + 55. Suppose -13*w - 2520 = -g*w. What are the prime factors of w?
2, 3, 5
Suppose -t - 1388 - 585 = 0. Let u = t + 2968. List the prime factors of u.
5, 199
Let r = 410 - 239. Suppose 275*m - 38378 = 213*m. Suppose 5*h - r = m. What are the prime factors of h?
2, 79
Let w = -19386 + 27471. List the prime factors of w.
3, 5, 7, 11
Suppose 0 = -2*q - 7*q + 54. Let y be (-2)/((-4)/(-45))*80/q. List the prime factors of y/(-5) + (5 - 3)*1.
2, 31
Suppose -38 + 1184 = 6*w. Suppose -7*x + 793 = w. List the prime factors of x.
2, 43
Suppose 0*d + 3661 = 7*d. Suppose -2*z - 338 = -2*x, -3*x + 0*z = z - d. List the prime factors of x.
173
Let t(a) = 104*a - 388. List the prime factors of t(15).
2, 293
Let g(f) = 3277*f**3 - f**2 + 8*f - 8. What are the prime factors of g(1)?
2, 3, 7, 13
Let z(h) be the second derivative of 11*h**3 - 96*h**2 - 126*h. List the prime factors of z(13).
2, 3, 37
Let p be 264/(-36) + 2/6. Let r be (-9 - p)*27/(-2). Let a = r - -66. List the prime factors of a.
3, 31
Suppose 3*u = 13212 + 780. What are the prime factors of (u/(-10) + 0)/((-50)/125)?
2, 11, 53
Suppose 0 = -5*r + 1 + 224. Let v = -40 + r. Suppose o = -2*b + 16, -5*b - 29 + 89 = v*o. List the prime factors of o.
2
Let k = 18017 - 3829. What are the prime factors of k?
2, 3547
Let k(p) = 77*p**3 + 14*p**2 + 13*p - 29. List the prime factors of k(6).
5, 7, 491
Let c(m) = 7*m**2 - 41*m - 206. List the prime factors of c(-14).
2, 3, 5, 29
Suppose 0 = -2*x + 12 + 20. Suppose x = 2*y + 6. Suppose 50 = -2*l + y*s + 165, 370 = 5*l + 4*s. List the prime factors of l.
2, 5, 7
Let q = -31184 + 82257. What are the prime factors of q?
11, 4643
Suppose -19237 = -9*s + 209912. List the prime factors of s.
3, 23, 41
Suppose 2*r - 3*g = 60437, r - 74*g = -79*g + 30225. List the prime factors of r.
2, 5, 1511
Let k be (-61)/5 + (-5)/(-25). List the prime factors of k/(-8) + 2185/10.
2, 5, 11
Let v(n) = 59*n - 7. Let u(l) = -237*l + 28. Let t = -53 + 44. Let r(a) = t*v(a) - 2*u(a). What are the prime factors of r(-2)?
11
What are the prime factors of 2898/(-138) + 31*1645?
2, 7, 11, 331
Suppose 6*x + 24*x = 6270. List the prime factors of 63707/x + 2/11.
5, 61
Let a = 1481 + 2227. List the prime factors of a.
2, 3, 103
Let r(s) = -s**2 + s + 5. Let t be r(-6). Let a = 41 + t. Suppose n + 4*o = 90, -a*n + 2*o = o - 326. What are the prime factors of n?
2, 41
Suppose -5*c - 5*u + 196685 = 0, 126775 = -5*c - 3*u + 323462. What are the prime factors of c?
2, 13, 17, 89
Suppose 4*n - q - 18185 = 0, 12*n - 4*q = 15*n - 13615. What are the prime factors of n?
3, 5, 101
Let p = 54183 + -36145. List the prime factors of p.
2, 29, 311
Suppose d - 2*y = 3, -2*d + 6 = -17*y + 12*y. Suppose -2704 = -4*u + 4*q, -d*q + 20 = 5. List the prime factors of u.
3, 227
Let l = -712 - -349. Let u = l + 1054. What are the prime factors of u?
691
Let h(z) = 10*z**2 - 108*z + 149. What are the prime factors of h(58)?
3, 5, 367
Let z be 26/8*(4 - 0). Suppose -t + z = 7. Suppose -t*a + 183 + 567 = 0. List the prime factors of a.
5
Suppose 0 = 2*k - k - 2. Let a be (8/12)/(k/36)*1. Let s(f) = f**2 - 4*f + 3. List the prime factors of s(a).
3, 11
Suppose -z - 4*h + 13 = -9, 3*h = -2*z + 24. Let u be (-75)/(-21) - (-4)/(-7). List the prime factors of (z + -59)/(2 - u).
53
Suppose 401*m + 68265 = 404*m. List the prime factors of m.
3, 5, 37, 41
Let b(o) = 3*o**2 - 144*o + 44. Let c be b(35). Let g = 2122 + c. What are the prime factors of g?
3, 89
Let j(m) = 8*m + 84. Let s be j(5). Let k = 430 + s. List the prime factors of k.
2, 277
Suppose -36*d + 1374 = -39*d. What are the prime factors of (d/(-6))/(12/36)?
229
List the prime factors of (-14)/98 - 98900/(-175).
5, 113
Let b(u) = -u**2 - 3*u - 18. Let d be b(7). Let g = -85 - d. Suppose 0 = -g*o + 6*o - 738. List the prime factors of o.
2, 3, 41
Let u(o) = 31*o + 28. Suppose -2*r - 5*i = -32, r - 3*i - 6 = -2*r. Let b be u(r). Let c = b - 83. What are the prime factors of c?
131
Let q(h) = 164*h - 79. Let l be q(-8). Let p = l + 2165. List the prime factors of p.
2, 3, 43
Suppose 3*s + 2 = 11. Suppose 3*z - 1568 = -2*i, 0 = 4*z - 8*z + s*i + 2119. List the prime factors of z.
2, 263
Let j(w) = -w**2 - 8*w + 13. Let s be j(-11). Let f be (-8)/s*5 + (-8)/(-2). What are the prime factors of f/(-5)*40/(-16) - -130?
7, 19
Let k(s) = 45*s + 20*s - 47 + 38*s. List the prime factors of k(4).
5, 73
Let p be (-880)/72 + 11/9 + -1. Let k = p - -17. List the prime factors of (3 - (k - -1))*-2.
2, 3
Let v(q) be the second derivative of -13*q**3/3 + 9*q**2/2 - q. Let k = -1228 - -1224. What are the prime factors of v(k)?
113
Let o(r) = 455*r - 630. List the prime factors of 